- -2 - 7. Let l(r) = r**2 + 7*r + 6. Calculate l(i).
6
Let r(h) = 2*h**3 + h**2 - h + 2. Let y be (2 + 36/(-15))/(5/25). What is r(y)?
-8
Let y(v) = -2*v**2 + 7*v - 6. Let m(f) = -f**2 + 6*f + 5. Let o be m(4). Let a = -27 + 18. Let c = a + o. Determine y(c).
-10
Let l(s) = s**3 - 2*s**2 + 2*s + 1. Suppose 6 + 4 = 5*q. Suppose 3*i = 4 + q. Give l(i).
5
Let a(x) be the second derivative of x**4/12 - 2*x**3/3 - 3*x**2/2 + 4*x. Suppose -2*g = -12 + 2. Determine a(g).
2
Let b(o) = -o**2 - 3*o + 1. Let s = -3 + 5. Suppose 3 = -s*l + y, 2*l + 17 = -3*y - 6. Give b(l).
-3
Suppose 0*s - 2*s = 0. Suppose s = -t - 7 + 2. Let p(o) = o**3 + 6*o**2 + 3*o + 2. What is p(t)?
12
Suppose -2*s + 3*o = -19, 6*s - 11 = 8*s + 3*o. Let l(n) = -n**3 + 5*n - 3. Let h(m) = -6*m**3 + m**2 + 26*m - 15. Let x(p) = -2*h(p) + 11*l(p). What is x(s)?
3
Let v = -13 - -19. Suppose -d = 2*d + v. Let u(f) = 2*f**2 - 3*f - 3. Calculate u(d).
11
Let t(j) be the third derivative of j**6/120 + 2*j**5/15 - 7*j**4/24 + 13*j**3/6 - 8*j**2 + 3. Calculate t(-9).
-5
Suppose 0 = -3*k + 5*c + 5, -2*c = -k - c + 3. Let v(g) = -g + 3*g + 2*g**3 - 1 - g**2 + k*g**2. Let z be v(-2). Let j(l) = l + 4. Calculate j(z).
-1
Let z = 3 + -1. Let q be (6/(-8))/((-4)/16). Let x(j) = j**3 + 1 + z*j**q - 4*j**3. Give x(2).
-7
Let r(s) = 0 + 1 + 1 - 3*s. Let u = -430 + 433. What is r(u)?
-7
Let d be (1*(5 - 8))/((-3)/2). Let w(v) = v - 3. Let n(j) = -2*j + 7. Let k(y) = -6*n(y) - 15*w(y). Determine k(d).
-3
Let k(i) = 2*i**3 - 3*i**2 + 2*i**3 + i**3 - i - 6*i**3 + 4. Calculate k(-3).
7
Suppose 7 = -4*s - 1. Let z = -1 + s. Let h(g) = -5*g + 4*g + 3*g + 2. What is h(z)?
-4
Suppose -2*f = -3*j - 14, 0 = -5*f + 3*j + 26. Let g(c) = 1 + 2*c + f*c**2 - c + 2 - 1. Let d(n) = -n**2 + n. Let v(r) = -2*d(r) - g(r). What is v(-2)?
-4
Let d(g) be the second derivative of g**4/12 + 5*g**3/6 + 5*g**2/2 + g. Let u(a) = -a**2 + 3*a - 4. Let f be u(4). Let c be (f/(-10))/((-1)/5). Give d(c).
1
Let q(b) = -b**2 + 4*b - 1. Let r(j) be the second derivative of -1/6*j**3 - j**2 - j + 0. Let z be r(-7). Give q(z).
-6
Suppose -i + 9 = -6*f + 4*f, 5*i - 5*f - 50 = 0. Let v = i + -7. Suppose -8 = v*b - 0*b. Let a(w) = -2*w**2 + 1. What is a(b)?
-7
Let g(l) = l**2 + 2. Let s(o) = o. Let v be s(-2). Let w = v + 4. Give g(w).
6
Let r(u) = -u. Let v(d) = d**3 - 5*d**2 + 7*d - 5. Let w(h) = 6*r(h) + v(h). Suppose -4*c + 16 = 0, 0 = -5*i + 3*i - c + 14. What is w(i)?
0
Let i(m) = 2*m + 1. Suppose -2*s + 16 = -4*c, 0*c + 5*c = 3*s - 22. Let h(r) = 2*r + 1. Let p(u) = c*h(u) + 3*i(u). Suppose 5*t + 11 = 36. Calculate p(t).
11
Let z(w) be the third derivative of -w**4/24 + w**3/2 + 15*w**2. Give z(-6).
9
Suppose -x = v + 3, -3*v + 6*v - 5*x = 31. Suppose -3*p - 3*i = 21, 5*i - 3*i = -v. Let j(r) be the first derivative of r**2/2 + 3*r + 1. Determine j(p).
-3
Let r(n) be the second derivative of -n**4/12 - 5*n**3/6 + 3*n**2 + 10*n. Determine r(-6).
0
Let y(z) = -z + 3. Let q be y(3). Suppose q = -h - h. Let k(n) = -n**3 + n**2 - n + 7. What is k(h)?
7
Let y be 0 + (3 - 0/(-1)). Let b = 11 - 6. Let n(z) = 6*z + 1 - b*z + 0 + 0. Calculate n(y).
4
Let b(a) be the third derivative of -a**5/120 + a**4/8 - a**3/6 + a**2. Let g(x) be the first derivative of b(x). Give g(4).
-1
Suppose 0 = -2*t + 3*t - 1. Let i(l) = l**2 - t - 1 + 6 - 2*l**2 - 4*l. Determine i(-4).
4
Let q(u) = u**2 + 2. Let j = -4 - -8. Suppose -t + 4*t - j*m = 0, 0 = 2*t - 5*m. What is q(t)?
2
Let s = 5 + -1. Suppose 0*y + 2*y = -s. Let p be y/((-1)/4*2). Let l(u) = -u**2 + 6*u - 5. Give l(p).
3
Let q(j) = 6*j**3 - j**2 + j - 3. Let p(i) = i**3 + 1. Let v(z) = 2*p(z) + q(z). Calculate v(1).
7
Let q be -3*1/(3/(-4)). Suppose q*l = l - 18. Let t(x) = x**3 + 7*x**2 + 3*x - 7. Determine t(l).
11
Let n(v) = -v**2 - 3*v - 2. Let q be (-28)/(-6) + (-8)/12. Let m be 1/q - 78/24. What is n(m)?
-2
Let n(m) = -m**3 + 4*m**2 - m - 2. Let r(y) = -y**2 - 12*y - 7. Let h be r(-11). Give n(h).
-6
Let p(v) = 3*v**2 - 4*v - 3. Let i be p(-2). Suppose 0 = -2*f + q + 5 - i, -2*f - 16 = -2*q. Let u(n) = -n - 5. Determine u(f).
-1
Let z(y) be the first derivative of -y**4/4 - 8*y**3/3 - y**2 - 11*y + 4. Calculate z(-8).
5
Let z(n) be the third derivative of -n**7/2520 + n**6/240 + n**5/20 + n**4/3 + 5*n**2. Let q(x) be the second derivative of z(x). What is q(6)?
-12
Let l(f) = 2*f - 2. Let a(d) = -d**3 + 1. Let c(m) = -4*m**3 + m. Let q(x) = -3*a(x) + c(x). Let s be q(0). What is l(s)?
-8
Let j(l) = 2*l + l**2 - 55 + 52 + 0*l. Calculate j(-4).
5
Let x(o) = -o - 9. Let j = 0 - 6. Let n be (j/(-18))/(1/15). Let d be 8/20 + (-32)/n. What is x(d)?
-3
Let q(z) = -z + 7. Let n be q(3). Let x(k) = 39*k + 5. Let c be x(n). Let j be c/49 + 4/(-14). Let h(o) = -o**2 + 2*o. Determine h(j).
-3
Suppose p + 1 = 3*l - l, -2*p - 2 = -3*l. Let t(b) be the first derivative of -b**4 - b**3/3 - b**2 - b - 2. What is t(p)?
4
Let v(h) = -h**3 + 3*h**2 - 2. Let f(w) = w**2 + 7*w - 5. Let q be f(-8). Determine v(q).
-2
Let z = 1 - 4. Let r(l) be the second derivative of l**3 + 0 + 2*l**2 - 3*l + 1/12*l**4. Calculate r(z).
-5
Suppose -8*m + 3*m = 10. Let w be 1/(0 - (3 - 4)). Let z be m/1 - (-4 - w). Let u(b) = -b**3 + 4*b**2 - 5*b + 3. Give u(z).
-3
Suppose -43 = 20*i - 3. Let w(k) = -3*k - 3. Give w(i).
3
Let l be (4/2 + 1)*1. Let c(b) = -b + 1. Let i be c(l). Let h(r) = -3 + 4 - 2*r + 0 - 3*r**2. Calculate h(i).
-7
Suppose -s = -6*s. Let a(v) = s - 2*v + 3 + 5 - 1. Determine a(6).
-5
Let i(b) = 4 + 3*b - 5*b**2 + 6 + 2*b**3 - b**3 - 6. Let y be 0 - 1 - -1*6. Suppose -y + 17 = 4*t. What is i(t)?
-5
Let b(n) = n**2 + 3*n - 6. Let j(v) = -3*v - 6. Let h be j(-4). Let l be 14/h + (-4)/12. Suppose -l*r = 11 - 1. Determine b(r).
4
Let z(x) = 2*x**2 - 8*x - 20. Let r be z(6). Let d(u) = -u**3 + 5*u**2 - 6*u + 1. Give d(r).
-7
Let a = 7 - 3. Let v = a + -3. Let i(z) = -2*z - 1 + 4*z**2 + 0*z**2 + 6*z - 2*z. Determine i(v).
5
Let a(k) be the third derivative of -k**7/140 - k**5/60 + k**4/24 - k**3/3 + k**2. Let i(p) be the first derivative of a(p). Give i(1).
-7
Suppose -6*w = -3*w - 27. Let i = -9 + w. Let v(c) = c - 7. Calculate v(i).
-7
Let u be (15/12 - 3)/((-24)/(-96)). Let b(t) be the third derivative of -t**5/60 - 7*t**4/24 + 7*t**3/6 + t**2. What is b(u)?
7
Let u(y) be the third derivative of y**6/120 - y**5/20 - y**4/6 + y**3/2 + 5*y**2. Determine u(4).
3
Let i(r) be the third derivative of -r**6/120 + r**5/15 - r**4/6 + r**3/2 - 9*r**2 - 4*r. Determine i(2).
3
Suppose -i + 0*i = -3*d - 30, -2*d = -2*i + 44. Let x be (-18)/10*(-60)/i. Let l(q) = -q**2 + 5*q + 4. Determine l(x).
-2
Let m(t) = -12 + 1 - 4*t + t**2 + 3*t. Let h(o) = -o - 2. Let w be h(-2). Give m(w).
-11
Let c be (1 - -9) + 2 + 2. Let p(s) = -c + 30 - 6*s - s**2 - 11. Give p(-6).
5
Let c(y) = 9*y + 3. Let n(d) = 4*d + 1. Let s(h) = -3*c(h) + 7*n(h). Determine s(0).
-2
Let a(i) = i**3 + 6*i**2 + 2*i + 7. Let n = 3 + -9. Let s be a(n). Let b(h) = -h**2 - 4*h. Calculate b(s).
-5
Let v(s) be the second derivative of s**3/6 + 3*s**2/2 - 3*s. Let z be 50*(1 + 6/(-10)). Suppose 0 = -3*u - u + z. Calculate v(u).
8
Let a(r) = -22*r**2 + r + 2*r**3 + 22*r**2 + 0 + 2. Give a(2).
20
Let u(s) = s**2 - 3*s - 1. Let c be ((-12)/(-16)*2)/3*6. Give u(c).
-1
Let q(k) be the first derivative of 1/3*k**3 - 7*k + 4 - 3*k**2. What is q(6)?
-7
Let a(c) = -c + 2. Let x(w) = -w**3 + 3*w**3 + 0 + 1 - w**2. Let d be x(2). Let p = 18 - d. What is a(p)?
-3
Let v(l) = l**3 - 7*l**2 + 5*l + 7. Let o be -8*(-3)/6 + 2. Determine v(o).
1
Suppose -3*o + 7*o + 8 = 0. Let h(i) = 2*i**2 + 2*i - 2. Let v be h(o). Let j(g) = 0 - 2*g**2 - 1 + 4*g**v. Calculate j(2).
7
Let y(s) = -3*s + 2. Suppose -4*p - 8 = 4. Let r be (-7)/p - 2/6. What is y(r)?
-4
Let j(z) be the third derivative of -z**5/60 + 5*z**4/24 - 5*z**3/6 - z**2. Suppose 3*s = a + 21, 5*a = -4*s + 13 - 4. What is j(s)?
-11
Let t(r) be the first derivative of -6*r**2 - 1. Give t(-1).
12
Let t = 5 + -10. Let f(b) = 0 + 74*b - 75*b - 1. Calculate f(t).
4
Let z(y) be the second derivative of y**4/12 - y**3/6 + 3*y**2/2 + 2*y. Let b be 6/21 - (-38)/14. Give z(b).
9
Let y(p) = -2 - 3 - 2*p - p**2 + 5 + 1. Determine y(-3).
-2
Let t(s) = s**3 - 2*s - 1. Let q(z) = 2 - 1 - 2 - 3*z + z. Let b be q(-1). Suppose k = b - 3. Determine t(k).
-5
L